{"id":1701,"date":"2016-06-18T15:07:14","date_gmt":"2016-06-18T14:07:14","guid":{"rendered":"http:\/\/outters.fr\/?page_id=1701"},"modified":"2025-07-15T17:03:57","modified_gmt":"2025-07-15T16:03:57","slug":"ou4-une-decouverte-extraordinaire","status":"publish","type":"page","link":"https:\/\/www.outters.fr\/?page_id=1701","title":{"rendered":"Ou4 : une d\u00e9couverte extraordinaire"},"content":{"rendered":"<p><div class=\"fusion-fullwidth fullwidth-box fusion-builder-row-1 fusion-flex-container nonhundred-percent-fullwidth non-hundred-percent-height-scrolling\" style=\"--awb-border-radius-top-left:0px;--awb-border-radius-top-right:0px;--awb-border-radius-bottom-right:0px;--awb-border-radius-bottom-left:0px;--awb-flex-wrap:wrap;\" ><div class=\"fusion-builder-row fusion-row fusion-flex-align-items-flex-start fusion-flex-content-wrap\" style=\"max-width:1872px;margin-left: calc(-4% \/ 2 );margin-right: calc(-4% \/ 2 );\"><div class=\"fusion-layout-column fusion_builder_column fusion-builder-column-0 fusion_builder_column_1_3 1_3 fusion-flex-column\" style=\"--awb-bg-size:cover;--awb-width-large:33.333333333333%;--awb-margin-top-large:0px;--awb-spacing-right-large:5.76%;--awb-margin-bottom-large:0px;--awb-spacing-left-large:5.76%;--awb-width-medium:33.333333333333%;--awb-spacing-right-medium:5.76%;--awb-spacing-left-medium:5.76%;--awb-width-small:100%;--awb-spacing-right-small:1.92%;--awb-spacing-left-small:1.92%;\"><div class=\"fusion-column-wrapper fusion-flex-justify-content-flex-start fusion-content-layout-column\"><div class=\"fusion-text fusion-text-1\"><h5><span style=\"text-decoration: underline;\"><em>Copie du mail envoy\u00e9 \u00e0 Agn\u00e8s Acker en juin 2011<\/em><\/span><\/h5>\n<h5 style=\"padding-left: 30px; text-align: justify;\"><big><span style=\"color: #ffffff;\">J&rsquo;esp\u00e8re que vous allez bien. Si je vous \u00e9crit c&rsquo;est que j&rsquo;ai un objet singulier \u00e0 vous montrer et qui m&rsquo;interpelle. L&rsquo;objet est tr\u00e8s grand (1\u00b02 de diagonale) et a \u00e9t\u00e9 fait avec ma lunette FSQ106 et la STL6303e \u00e0 F5 avec des poses de 30 mn unitaires. Voil\u00e0 quelques nuits que les images arrivent, en HA et SII rien de tr\u00e8s surprenant qu&rsquo;un Sharpless, mais en OIII j&rsquo;ai \u00e9t\u00e9 tr\u00e8s surpris (se sont mes premi\u00e8res images avec un filtre Astrodon 3 nm) car le r\u00e9sultat est tr\u00e8s sp\u00e9cial. La forme est ressemblante \u00e0 une n\u00e9buleuse plan\u00e9taire bipolaire et exclusivement visible en OIII, AUCUNE trace en Ha et en SII ! L&rsquo;\u00e9toile situ\u00e9e \u00e0 : RA 21 11 48,18 DEC +59 59 09 semble \u00eatre au centre de cette double bulle et est annonc\u00e9e comme suspecte variable de V5,51 \u00e0 V5,7. Il semble que cette forme n&rsquo;appartienne pas au Sharpless 129! Je vous joint quelques images avec ce mail, si vous pouvez regarder \u00e7a de plus pr\u00e8s et me dire si cet objet est connu et r\u00e9f\u00e9renc\u00e9 quelque part. Pour ma part je ne trouve qu&rsquo;une seule image de r\u00e9f\u00e9rence du DSSII ESO dans le bleu avec l&rsquo;apparition du bas de l&rsquo;objet. &#8212; Nicolas outters <a class=\"moz-txt-link-freetext\" style=\"color: #ffffff;\" href=\"http:\/\/www.outters.fr\/\">http:\/\/www.outters.fr\/<\/a><\/span><\/big><\/h5>\n<p><a href=\"http:\/\/outters.fr\/wp-content\/uploads\/2017\/06\/Ou4-Ha-OIII-rvb6.jpg\" target=\"_blank\" rel=\"noopener\"><img decoding=\"async\" class=\"alignnone wp-image-6088 size-fusion-400\" src=\"http:\/\/outters.fr\/wp-content\/uploads\/2017\/06\/Ou4-Ha-OIII-rvb6-400x402.jpg\" alt=\"\" width=\"400\" height=\"402\" srcset=\"https:\/\/www.outters.fr\/wp-content\/uploads\/2017\/06\/Ou4-Ha-OIII-rvb6-66x66.jpg 66w, https:\/\/www.outters.fr\/wp-content\/uploads\/2017\/06\/Ou4-Ha-OIII-rvb6-150x150.jpg 150w, https:\/\/www.outters.fr\/wp-content\/uploads\/2017\/06\/Ou4-Ha-OIII-rvb6-200x201.jpg 200w, https:\/\/www.outters.fr\/wp-content\/uploads\/2017\/06\/Ou4-Ha-OIII-rvb6-400x402.jpg 400w, https:\/\/www.outters.fr\/wp-content\/uploads\/2017\/06\/Ou4-Ha-OIII-rvb6-600x603.jpg 600w, https:\/\/www.outters.fr\/wp-content\/uploads\/2017\/06\/Ou4-Ha-OIII-rvb6-800x804.jpg 800w, https:\/\/www.outters.fr\/wp-content\/uploads\/2017\/06\/Ou4-Ha-OIII-rvb6-896x900.jpg 896w, https:\/\/www.outters.fr\/wp-content\/uploads\/2017\/06\/Ou4-Ha-OIII-rvb6-1200x1205.jpg 1200w, https:\/\/www.outters.fr\/wp-content\/uploads\/2017\/06\/Ou4-Ha-OIII-rvb6.jpg 4018w\" sizes=\"(max-width: 400px) 100vw, 400px\" \/><\/a><\/p>\n<ul>\n<li><a href=\"http:\/\/outters.fr\/wp-content\/uploads\/2015\/12\/decouverte-OU4.pdf\" target=\"_blank\" rel=\"noopener\">D\u00e9couverte de O4 : le r\u00e9cit d\u00e9taill\u00e9 (version Fran\u00e7aise)<\/a><\/li>\n<li><a href=\"http:\/\/outters.fr\/wp-content\/uploads\/2015\/12\/decouverte-OU4-eu.pdf\" target=\"_blank\" rel=\"noopener\">Ou4 discover : the story (English version)<\/a><\/li>\n<li><a href=\"http:\/\/outters.fr\/wp-content\/uploads\/2015\/12\/1206.2477v1.pdf\" target=\"_blank\" rel=\"noopener\">document sur les d\u00e9couvertes de Ou1-Ou2-Ou3-Ou4 DISCOVERY OF NEW FAINT NORTHERN GALACTIC PLANETARY NEBULAE<\/a><\/li>\n<li><a href=\"http:\/\/outters.fr\/wp-content\/uploads\/2015\/12\/ou4_high_res.pdf\" target=\"_blank\" rel=\"noopener\">Gas physical conditions and kinematics of the giant outflow Ou4<\/a><\/li>\n<li><a href=\"http:\/\/www.astrosurf.com\/buil\/nebula\/Outters4\/obs.htm\" target=\"_blank\" rel=\"noopener\">Observation spectrographique de Christian BUIL de la n\u00e9buleuse OU4<\/a><\/li>\n<li><a href=\"http:\/\/www.noao.edu\/image_gallery\/html\/im1245.html\" target=\"_blank\" rel=\"noopener\">Ou4 vu par le t\u00e9lescope de 4m du Mont Kitt Peak<\/a><\/li>\n<li><a href=\"http:\/\/apod.nasa.gov\/apod\/ap140718.html\" target=\"_blank\" rel=\"noopener\">L&rsquo;APOD du 18 juil<\/a><a href=\"http:\/\/apod.nasa.gov\/apod\/ap140718.html\" target=\"_blank\" rel=\"noopener\">let 2014<\/a><\/li>\n<\/ul>\n<ul>\n<li id=\"mceu_159\" class=\"wp-link-preview\"><a tabindex=\"-1\" href=\"http:\/\/outters.fr\/wp-content\/uploads\/2015\/12\/PN-discovery-method.pdf\" target=\"_blank\" rel=\"noopener\">m\u00e9thode de d\u00e9couverte<\/a><\/li>\n<li><a href=\"http:\/\/www.capella-observatory.com\/ImageHTMLs\/DiffuseNebula\/IC1396andSh2-129WithOu4.htm\" target=\"_blank\" rel=\"noopener\">Ou4 par le Capella observatory<\/a><\/li>\n<li><a href=\"http:\/\/lbuckphotos.smugmug.com\/Astrophotography\/Nebulae\/Nebulae\/i-BkDkDLz\/A\" target=\"_blank\" rel=\"noopener\">Ou4 vue par Lee BUCK<\/a><\/li>\n<li><a href=\"http:\/\/outters.fr\/wp-content\/uploads\/2015\/12\/poster_Ou4-Acker.pdf\" target=\"_blank\" rel=\"noopener\">Poster scientifique sur la n\u00e9buleuse Ou4<\/a><\/li>\n<li><a href=\"http:\/\/outters.fr\/wp-content\/uploads\/2015\/12\/PN-discovery-method.pdf\" rel=\"\">PN discovery method<\/a><\/li>\n<li><a href=\"http:\/\/outters.fr\/wp-content\/uploads\/2015\/12\/30-33-Nico.pdf\" target=\"_blank\" rel=\"noopener\">Article Astronomie magazine sur mes d\u00e9couvertes<\/a><\/li>\n<li><a href=\"http:\/\/outters.fr\/wp-content\/uploads\/2015\/12\/Nebuleuse-39-1.pdf\" target=\"_blank\" rel=\"noopener\">Article l&rsquo;Astronomie sur mes d\u00e9couvertes<\/a><\/li>\n<li><a href=\"http:\/\/outters.fr\/wp-content\/uploads\/2015\/12\/1206.2477v1.pdf\" target=\"_blank\" rel=\"noopener\">Article technique sur les d\u00e9couvertes de Pascal LE DU et moi-m\u00eame<\/a><\/li>\n<li><a href=\"http:\/\/outters.fr\/wp-content\/uploads\/2015\/12\/IAU283-Parker-review-V12.pdf\" target=\"_blank\" rel=\"noopener\">Article technique sur le pass\u00e9 et le futur des PN<\/a><\/li>\n<li><a href=\"http:\/\/casu.ast.cam.ac.uk\/surveys-projects\/iphas\" target=\"_blank\" rel=\"noopener\">Le site de l&rsquo;IPHAS<\/a><\/li>\n<li><a href=\"http:\/\/www.astrosurf.com\/ubb\/Forum3\/HTML\/035497.html\" target=\"_blank\" rel=\"noopener\">Forum Astrosurf sur la d\u00e9couverte de Ou4<\/a><\/li>\n<li><a href=\"http:\/\/outters.fr\/wp-content\/uploads\/2015\/12\/RMxAA..48-2_aacker.pdf\" target=\"_blank\" rel=\"noopener\">Discovery of new faint northern galactic planetary nebulae (Agn\u00e8s Acker et al.)<\/a><\/li>\n<li><a href=\"http:\/\/outters.fr\/wp-content\/uploads\/2015\/12\/Article_Jacoby.pdf\" target=\"_blank\" rel=\"noopener\">Planetary Nebulae Using the Digital Sky Survey (George H. Jacoby et al.)<\/a><\/li>\n<li><a href=\"http:\/\/outters.fr\/wp-content\/uploads\/2015\/12\/IAU283-Parker-review-V12.pdf\" target=\"_blank\" rel=\"noopener\">The past, present and future of Galactic planetary nebula surveys (Quentin A. Parker et al.)<\/a><\/li>\n<li><a href=\"http:\/\/outters.fr\/wp-content\/uploads\/2015\/12\/nph-iarticle_query.pdf\" target=\"_blank\" rel=\"noopener\">An Atlas of ancient planetary nebulae and their interaction with the interstellar medium (Richard W. Tweedy et Karen B. Kwitter)<\/a><\/li>\n<li><a href=\"http:\/\/outters.fr\/wp-content\/uploads\/2015\/12\/Discovery-of-planetary-nebulae-using-predictive-mid-infrared-diagnostics.pdf\" rel=\"\">Discovery of planetary nebulae using predictive mid-infrared diagnostics (Quentin A. Parker et al.)<\/a><\/li>\n<li><a href=\"http:\/\/outters.fr\/wp-content\/uploads\/2015\/12\/article-OU5.pdf\" target=\"_blank\" rel=\"noopener\">The planetary nebula IPHASXJ211420.0+434136 (Ou5):insights into common-envelope dynamical and chemical evolution<\/a><\/li>\n<\/ul>\n<\/div><\/div><\/div><div class=\"fusion-layout-column fusion_builder_column fusion-builder-column-1 fusion_builder_column_1_3 1_3 fusion-flex-column\" style=\"--awb-bg-size:cover;--awb-width-large:33.333333333333%;--awb-margin-top-large:0px;--awb-spacing-right-large:5.76%;--awb-margin-bottom-large:20px;--awb-spacing-left-large:5.76%;--awb-width-medium:33.333333333333%;--awb-order-medium:0;--awb-spacing-right-medium:5.76%;--awb-spacing-left-medium:5.76%;--awb-width-small:100%;--awb-order-small:0;--awb-spacing-right-small:1.92%;--awb-spacing-left-small:1.92%;\"><div class=\"fusion-column-wrapper fusion-column-has-shadow fusion-flex-justify-content-flex-start fusion-content-layout-column\"><div class=\"fusion-title title fusion-title-1 fusion-title-text fusion-title-size-one\"><div class=\"title-sep-container title-sep-container-left fusion-no-large-visibility fusion-no-medium-visibility fusion-no-small-visibility\"><div class=\"title-sep sep- sep-solid\" style=\"border-color:#3e3e3e;\"><\/div><\/div><span class=\"awb-title-spacer fusion-no-large-visibility fusion-no-medium-visibility fusion-no-small-visibility\"><\/span><h1 class=\"fusion-title-heading title-heading-left fusion-responsive-typography-calculated\" style=\"margin:0;--fontSize:;--minFontSize:0;line-height:;\"><p style=\"text-align: center;\">Image r\u00e9sultant d&rsquo;une collaboration internationale.<br \/>\nCliquez sur l&rsquo;image pour une vue tr\u00e8s d\u00e9taill\u00e9e.<\/p><\/h1><span class=\"awb-title-spacer\"><\/span><div class=\"title-sep-container title-sep-container-right\"><div class=\"title-sep sep- sep-solid\" style=\"border-color:#3e3e3e;\"><\/div><\/div><\/div><div class=\"fusion-image-element \" style=\"--awb-caption-title-font-family:var(--h2_typography-font-family);--awb-caption-title-font-weight:var(--h2_typography-font-weight);--awb-caption-title-font-style:var(--h2_typography-font-style);--awb-caption-title-size:var(--h2_typography-font-size);--awb-caption-title-transform:var(--h2_typography-text-transform);--awb-caption-title-line-height:var(--h2_typography-line-height);--awb-caption-title-letter-spacing:var(--h2_typography-letter-spacing);\"><span class=\" fusion-imageframe imageframe-none imageframe-1 hover-type-none\"><a class=\"fusion-no-lightbox\" href=\"http:\/\/outters.fr\/wp-content\/uploads\/2019\/11\/OU4_OIII_test3.jpg\" target=\"_self\" aria-label=\"OU4_OIII_test3\"><img decoding=\"async\" width=\"900\" height=\"554\" src=\"http:\/\/outters.fr\/wp-content\/uploads\/2019\/11\/OU4_OIII_test3-900x554.jpg\" alt class=\"img-responsive wp-image-8465\" srcset=\"https:\/\/www.outters.fr\/wp-content\/uploads\/2019\/11\/OU4_OIII_test3-200x123.jpg 200w, https:\/\/www.outters.fr\/wp-content\/uploads\/2019\/11\/OU4_OIII_test3-400x246.jpg 400w, https:\/\/www.outters.fr\/wp-content\/uploads\/2019\/11\/OU4_OIII_test3-600x369.jpg 600w, https:\/\/www.outters.fr\/wp-content\/uploads\/2019\/11\/OU4_OIII_test3-800x493.jpg 800w, https:\/\/www.outters.fr\/wp-content\/uploads\/2019\/11\/OU4_OIII_test3-1200x739.jpg 1200w, https:\/\/www.outters.fr\/wp-content\/uploads\/2019\/11\/OU4_OIII_test3.jpg 6350w\" sizes=\"(max-width: 464px) 100vw, 600px\" \/><\/a><\/span><\/div><div class=\"fusion-text fusion-text-2\"><p>Image r\u00e9sultant d&rsquo;une collaboration internationale.<br \/>\nCliquez sur l&rsquo;image pour une vue tr\u00e8s d\u00e9taill\u00e9e.<\/p>\n<\/div><div class=\"fusion-title title fusion-title-2 fusion-title-text fusion-title-size-one\"><div class=\"title-sep-container title-sep-container-left fusion-no-large-visibility fusion-no-medium-visibility fusion-no-small-visibility\"><div class=\"title-sep sep- sep-solid\" style=\"border-color:#3e3e3e;\"><\/div><\/div><span class=\"awb-title-spacer fusion-no-large-visibility fusion-no-medium-visibility fusion-no-small-visibility\"><\/span><h1 class=\"fusion-title-heading title-heading-left fusion-responsive-typography-calculated\" style=\"margin:0;--fontSize:;--minFontSize:0;line-height:;\"><p style=\"text-align: center;\">Image faite par Hubble<\/p><\/h1><span class=\"awb-title-spacer\"><\/span><div class=\"title-sep-container title-sep-container-right\"><div class=\"title-sep sep- sep-solid\" style=\"border-color:#3e3e3e;\"><\/div><\/div><\/div><div class=\"fusion-image-element \" style=\"--awb-caption-title-font-family:var(--h2_typography-font-family);--awb-caption-title-font-weight:var(--h2_typography-font-weight);--awb-caption-title-font-style:var(--h2_typography-font-style);--awb-caption-title-size:var(--h2_typography-font-size);--awb-caption-title-transform:var(--h2_typography-text-transform);--awb-caption-title-line-height:var(--h2_typography-line-height);--awb-caption-title-letter-spacing:var(--h2_typography-letter-spacing);\"><span class=\" fusion-imageframe imageframe-none imageframe-2 hover-type-none\"><a class=\"fusion-no-lightbox\" href=\"http:\/\/outters.fr\/wp-content\/uploads\/2021\/12\/Ou4-HST.jpg\" target=\"_self\" aria-label=\"Ou4-HST\"><img decoding=\"async\" width=\"400\" height=\"425\" src=\"http:\/\/outters.fr\/wp-content\/uploads\/2021\/12\/Ou4-HST-400x425.jpg\" alt class=\"img-responsive wp-image-9409\" srcset=\"https:\/\/www.outters.fr\/wp-content\/uploads\/2021\/12\/Ou4-HST-200x213.jpg 200w, https:\/\/www.outters.fr\/wp-content\/uploads\/2021\/12\/Ou4-HST-400x425.jpg 400w, https:\/\/www.outters.fr\/wp-content\/uploads\/2021\/12\/Ou4-HST-600x638.jpg 600w, https:\/\/www.outters.fr\/wp-content\/uploads\/2021\/12\/Ou4-HST-800x850.jpg 800w, https:\/\/www.outters.fr\/wp-content\/uploads\/2021\/12\/Ou4-HST-1200x1275.jpg 1200w, https:\/\/www.outters.fr\/wp-content\/uploads\/2021\/12\/Ou4-HST-scaled.jpg 2409w\" sizes=\"(max-width: 464px) 100vw, 600px\" \/><\/a><\/span><\/div><\/div><\/div><div class=\"fusion-layout-column fusion_builder_column fusion-builder-column-2 fusion_builder_column_1_3 1_3 fusion-flex-column\" style=\"--awb-bg-size:cover;--awb-width-large:33.333333333333%;--awb-margin-top-large:0px;--awb-spacing-right-large:5.76%;--awb-margin-bottom-large:20px;--awb-spacing-left-large:5.76%;--awb-width-medium:33.333333333333%;--awb-order-medium:0;--awb-spacing-right-medium:5.76%;--awb-spacing-left-medium:5.76%;--awb-width-small:100%;--awb-order-small:0;--awb-spacing-right-small:1.92%;--awb-spacing-left-small:1.92%;\"><div class=\"fusion-column-wrapper fusion-column-has-shadow fusion-flex-justify-content-flex-start fusion-content-layout-column\"><div class=\"fusion-slider-sc\"><div class=\"fusion-flexslider-loading flexslider fusion-aligncenter flexslider-hover-type-none\" data-slideshow_autoplay=\"1\" data-slideshow_smooth_height=\"1\" data-slideshow_speed=\"7000\" style=\"max-width:100%;height:100%;\"><ul class=\"slides\"><li class=\"image\"><span class=\"fusion-image-hover-element hover-type-none\"><img decoding=\"async\" src=\"http:\/\/outters.fr\/wp-content\/uploads\/2016\/07\/Ou4-OIII-1-900.jpg\" class=\"wp-image-2528\" \/><\/span><\/li><li class=\"image\"><span class=\"fusion-image-hover-element hover-type-none\"><img decoding=\"async\" src=\"http:\/\/outters.fr\/wp-content\/uploads\/2016\/07\/OU4-astronomiemagazine.jpg\" width=\"648\" height=\"562\" class=\"wp-image-3194\" srcset=\"https:\/\/www.outters.fr\/wp-content\/uploads\/2016\/07\/OU4-astronomiemagazine-200x173.jpg 200w, https:\/\/www.outters.fr\/wp-content\/uploads\/2016\/07\/OU4-astronomiemagazine-400x347.jpg 400w, https:\/\/www.outters.fr\/wp-content\/uploads\/2016\/07\/OU4-astronomiemagazine-600x520.jpg 600w, https:\/\/www.outters.fr\/wp-content\/uploads\/2016\/07\/OU4-astronomiemagazine.jpg 648w\" sizes=\"(max-width: 464px) 100vw, 600px\" \/><\/span><\/li><li class=\"image\"><span class=\"fusion-image-hover-element hover-type-none\"><img decoding=\"async\" src=\"http:\/\/outters.fr\/wp-content\/uploads\/2016\/07\/OU4-cieletespace.jpg\" width=\"708\" height=\"595\" class=\"wp-image-3195\" srcset=\"https:\/\/www.outters.fr\/wp-content\/uploads\/2016\/07\/OU4-cieletespace-200x168.jpg 200w, https:\/\/www.outters.fr\/wp-content\/uploads\/2016\/07\/OU4-cieletespace-400x336.jpg 400w, https:\/\/www.outters.fr\/wp-content\/uploads\/2016\/07\/OU4-cieletespace-600x504.jpg 600w, https:\/\/www.outters.fr\/wp-content\/uploads\/2016\/07\/OU4-cieletespace.jpg 708w\" sizes=\"(max-width: 464px) 100vw, 600px\" \/><\/span><\/li><li class=\"image\"><a href=\"http:\/\/outters.fr\/wp-content\/uploads\/2016\/06\/Ou4-Ha-OIII-rvb61.jpg\" target=\"_self\"><span class=\"fusion-image-hover-element hover-type-none\"><img decoding=\"async\" src=\"http:\/\/outters.fr\/wp-content\/uploads\/2016\/06\/Ou4-Ha-OIII-rvb61.jpg\" class=\"wp-image-1916\" \/><\/span><\/a><\/li><li class=\"image\"><a title=\"OU4_OIII_test3\" data-title=\"OU4_OIII_test3\" aria-label=\"OU4_OIII_test3\" href=\"http:\/\/outters.fr\/wp-content\/uploads\/2019\/11\/OU4_OIII_test3.jpg\" target=\"_self\"><span class=\"fusion-image-hover-element hover-type-none\"><img decoding=\"async\" src=\"http:\/\/outters.fr\/wp-content\/uploads\/2019\/11\/OU4_OIII_test3.jpg\" width=\"6350\" height=\"3910\" class=\"wp-image-8465\" srcset=\"https:\/\/www.outters.fr\/wp-content\/uploads\/2019\/11\/OU4_OIII_test3-200x123.jpg 200w, https:\/\/www.outters.fr\/wp-content\/uploads\/2019\/11\/OU4_OIII_test3-400x246.jpg 400w, https:\/\/www.outters.fr\/wp-content\/uploads\/2019\/11\/OU4_OIII_test3-600x369.jpg 600w, https:\/\/www.outters.fr\/wp-content\/uploads\/2019\/11\/OU4_OIII_test3-800x493.jpg 800w, https:\/\/www.outters.fr\/wp-content\/uploads\/2019\/11\/OU4_OIII_test3-1200x739.jpg 1200w, https:\/\/www.outters.fr\/wp-content\/uploads\/2019\/11\/OU4_OIII_test3.jpg 6350w\" sizes=\"(max-width: 464px) 100vw, 600px\" \/><\/span><\/a><\/li><\/ul><\/div><\/div><\/div><\/div><\/div><\/div><div class=\"fusion-fullwidth fullwidth-box fusion-builder-row-2 fusion-flex-container nonhundred-percent-fullwidth non-hundred-percent-height-scrolling\" style=\"--awb-border-radius-top-left:0px;--awb-border-radius-top-right:0px;--awb-border-radius-bottom-right:0px;--awb-border-radius-bottom-left:0px;--awb-flex-wrap:wrap;\" ><div class=\"fusion-builder-row fusion-row fusion-flex-align-items-flex-start fusion-flex-content-wrap\" style=\"max-width:1872px;margin-left: calc(-4% \/ 2 );margin-right: calc(-4% \/ 2 );\"><\/div><\/div><\/p>\n","protected":false},"excerpt":{"rendered":"","protected":false},"author":1,"featured_media":0,"parent":0,"menu_order":0,"comment_status":"closed","ping_status":"closed","template":"","meta":{"footnotes":""},"class_list":["post-1701","page","type-page","status-publish","hentry"],"_links":{"self":[{"href":"https:\/\/www.outters.fr\/index.php?rest_route=\/wp\/v2\/pages\/1701","targetHints":{"allow":["GET"]}}],"collection":[{"href":"https:\/\/www.outters.fr\/index.php?rest_route=\/wp\/v2\/pages"}],"about":[{"href":"https:\/\/www.outters.fr\/index.php?rest_route=\/wp\/v2\/types\/page"}],"author":[{"embeddable":true,"href":"https:\/\/www.outters.fr\/index.php?rest_route=\/wp\/v2\/users\/1"}],"replies":[{"embeddable":true,"href":"https:\/\/www.outters.fr\/index.php?rest_route=%2Fwp%2Fv2%2Fcomments&post=1701"}],"version-history":[{"count":12,"href":"https:\/\/www.outters.fr\/index.php?rest_route=\/wp\/v2\/pages\/1701\/revisions"}],"predecessor-version":[{"id":9440,"href":"https:\/\/www.outters.fr\/index.php?rest_route=\/wp\/v2\/pages\/1701\/revisions\/9440"}],"wp:attachment":[{"href":"https:\/\/www.outters.fr\/index.php?rest_route=%2Fwp%2Fv2%2Fmedia&parent=1701"}],"curies":[{"name":"wp","href":"https:\/\/api.w.org\/{rel}","templated":true}]}}