{"id":1705,"date":"2016-06-18T15:10:40","date_gmt":"2016-06-18T14:10:40","guid":{"rendered":"http:\/\/outters.fr\/?page_id=1705"},"modified":"2025-07-15T17:03:57","modified_gmt":"2025-07-15T16:03:57","slug":"dautres-decouvreurs","status":"publish","type":"page","link":"https:\/\/www.outters.fr\/?page_id=1705","title":{"rendered":"D&rsquo;autres d\u00e9couvreurs"},"content":{"rendered":"<h3>Autres d\u00e9couvreurs de n\u00e9buleuses plan\u00e9taires dans le milieu amateur<\/h3>\n<ul>\n<li><a href=\"http:\/\/www.cielocean.fr\/\" target=\"_blank\">Pascal Le D\u00fb<\/a><\/li>\n<li><a href=\"http:\/\/www.atacama-photographic-observatory.com\/infos_degape.php\" target=\"_blank\">Apo-Team en Atacama<\/a><\/li>\n<li><a href=\"http:\/\/splendeursducielprofond.eklablog.fr\/mes-decouvertes-officielles-p562874\" target=\"_blank\">Laurent Ferrero<\/a><\/li>\n<li><a href=\"http:\/\/www.astrosurf.com\/zoll\/images\/PN205349_464647.html\" target=\"_blank\">St\u00e9phane Zoll<\/a><\/li>\n<li><a href=\"https:\/\/sites.google.com\/site\/lionelmulato\/Imagerie-CCD\/mu1\" target=\"_blank\">Lionel Mulato<\/a><\/li>\n<li><a href=\"http:\/\/www.starimager.com\/Image%20Gallery%20Pages\/Hydrogen%20Alpha%20Images\/ic%201318_AP_8%20pane%20mosaic_bubble%20nebula.htm\" target=\"_blank\">Dave Jurasevich (USA) <\/a><\/li>\n<li><a href=\"http:\/\/www.horizontalheavens.com\/planetarynebulaproject.htm\" target=\"_blank\">Michael Howell et Richard Crisp (USA)<\/a><\/li>\n<li>Filipe Alves (Portugal)<\/li>\n<li>Matthias Kronberger (Autriche)<\/li>\n<li>Dana Patchick<\/li>\n<\/ul>\n","protected":false},"excerpt":{"rendered":"<p>Autres d\u00e9couvreurs de n\u00e9buleuses plan\u00e9taires dans le milieu amateur Pascal Le D\u00fb Apo-Team en Atacama Laurent Ferrero St\u00e9phane Zoll Lionel Mulato Dave Jurasevich (USA) Michael Howell et Richard Crisp (USA) Filipe Alves (Portugal) Matthias Kronberger (Autriche) Dana Patchick<\/p>\n","protected":false},"author":1,"featured_media":0,"parent":0,"menu_order":0,"comment_status":"closed","ping_status":"closed","template":"","meta":{"footnotes":""},"class_list":["post-1705","page","type-page","status-publish","hentry"],"_links":{"self":[{"href":"https:\/\/www.outters.fr\/index.php?rest_route=\/wp\/v2\/pages\/1705","targetHints":{"allow":["GET"]}}],"collection":[{"href":"https:\/\/www.outters.fr\/index.php?rest_route=\/wp\/v2\/pages"}],"about":[{"href":"https:\/\/www.outters.fr\/index.php?rest_route=\/wp\/v2\/types\/page"}],"author":[{"embeddable":true,"href":"https:\/\/www.outters.fr\/index.php?rest_route=\/wp\/v2\/users\/1"}],"replies":[{"embeddable":true,"href":"https:\/\/www.outters.fr\/index.php?rest_route=%2Fwp%2Fv2%2Fcomments&post=1705"}],"version-history":[{"count":5,"href":"https:\/\/www.outters.fr\/index.php?rest_route=\/wp\/v2\/pages\/1705\/revisions"}],"predecessor-version":[{"id":3697,"href":"https:\/\/www.outters.fr\/index.php?rest_route=\/wp\/v2\/pages\/1705\/revisions\/3697"}],"wp:attachment":[{"href":"https:\/\/www.outters.fr\/index.php?rest_route=%2Fwp%2Fv2%2Fmedia&parent=1705"}],"curies":[{"name":"wp","href":"https:\/\/api.w.org\/{rel}","templated":true}]}}